{"id":1728,"date":"2020-12-30T17:16:37","date_gmt":"2020-12-30T16:16:37","guid":{"rendered":"https:\/\/www.bouskidou.com\/?page_id=1728"},"modified":"2020-12-30T17:32:47","modified_gmt":"2020-12-30T16:32:47","slug":"mes-emois-et-moi","status":"publish","type":"page","link":"https:\/\/www.bouskidou.com\/index.php\/mes-emois-et-moi\/","title":{"rendered":"Mes \u00e9mois et moi"},"content":{"rendered":"<p>[et_pb_section fb_built=&#8221;1&#8243; _builder_version=&#8221;4.6.5&#8243; _module_preset=&#8221;default&#8221;][et_pb_row _builder_version=&#8221;4.6.5&#8243; _module_preset=&#8221;default&#8221;][et_pb_column type=&#8221;4_4&#8243; _builder_version=&#8221;4.6.5&#8243; _module_preset=&#8221;default&#8221;][et_pb_image src=&#8221;https:\/\/www.bouskidou.com\/wp-content\/uploads\/2020\/12\/Bouskidou-fleches-lgiht.gif&#8221; alt=&#8221;Bouskidou&#8221; title_text=&#8221;Bouskidou-fleches-lgiht&#8221; align=&#8221;center&#8221; _builder_version=&#8221;4.6.5&#8243; _module_preset=&#8221;default&#8221; background_color=&#8221;#f9f9f9&#8243;][\/et_pb_image][et_pb_text _builder_version=&#8221;4.6.5&#8243; _module_preset=&#8221;default&#8221; text_font=&#8221;Baloo Chettan|700|||||||&#8221; text_text_color=&#8221;#86000f&#8221; text_font_size=&#8221;42px&#8221; text_letter_spacing=&#8221;4px&#8221; header_font=&#8221;Baloo Paaji||||||||&#8221; header_text_color=&#8221;#86000f&#8221; header_font_size=&#8221;75px&#8221; text_orientation=&#8221;center&#8221; filter_opacity=&#8221;92%&#8221; animation_style=&#8221;fade&#8221; animation_duration=&#8221;2000ms&#8221; animation_starting_opacity=&#8221;78%&#8221; header_font_tablet=&#8221;&#8221; header_font_phone=&#8221;&#8221; header_font_last_edited=&#8221;on|desktop&#8221; header_font_size_tablet=&#8221;59px&#8221; header_font_size_phone=&#8221;38px&#8221; header_font_size_last_edited=&#8221;on|phone&#8221;]<\/p>\n<h1 style=\"text-align: center;\"><strong>Mes Emois et Moi<\/strong><\/h1>\n<p><strong>Le dernier Livre-CD des Bouskidou<\/strong><\/p>\n<p>[\/et_pb_text][et_pb_image src=&#8221;https:\/\/www.bouskidou.com\/wp-content\/uploads\/2020\/09\/BouskCOUV_test6cadre.jpeg&#8221; alt=&#8221;Bouskidou Mes \u00e9mois et moi&#8221; title_text=&#8221;Cover CD Mes \u00e9mois et moi&#8221; align=&#8221;center&#8221; _builder_version=&#8221;4.6.5&#8243; _module_preset=&#8221;default&#8221; custom_margin=&#8221;0px||||false|false&#8221; custom_padding=&#8221;20px||20px||false|false&#8221;][\/et_pb_image][et_pb_cta title=&#8221;T\u00e9l\u00e9charger les 11 chansons de l&#8217;album !&#8221; button_url=&#8221;http:\/\/gofile.me\/2k4ZB\/ratbqR985&#8243; button_text=&#8221;T\u00e9l\u00e9chargement&#8221; _builder_version=&#8221;4.6.5&#8243; _module_preset=&#8221;default&#8221; header_font=&#8221;|700|||||||&#8221; header_text_align=&#8221;center&#8221; header_text_color=&#8221;#3a2325&#8243; header_font_size=&#8221;30px&#8221; body_text_align=&#8221;center&#8221; body_text_color=&#8221;#3a2325&#8243; body_font_size=&#8221;16px&#8221; background_color=&#8221;#dcdcdc&#8221; custom_button=&#8221;on&#8221; button_text_size=&#8221;16px&#8221; button_text_color=&#8221;#d6d6d6&#8243; button_bg_color=&#8221;#86000f&#8221; button_border_width=&#8221;0px&#8221; button_border_radius=&#8221;30px&#8221; button_icon=&#8221;%%377%%&#8221; link_option_url=&#8221;http:\/\/gofile.me\/2k4ZB\/ratbqR985&#8243; hover_enabled=&#8221;0&#8243; header_font_size_tablet=&#8221;23px&#8221; header_font_size_phone=&#8221;&#8221; header_font_size_last_edited=&#8221;on|phone&#8221; body_font_size_tablet=&#8221;14px&#8221; body_font_size_phone=&#8221;14px&#8221; body_font_size_last_edited=&#8221;on|tablet&#8221; button_text_color_tablet=&#8221;&#8221; button_text_color_phone=&#8221;&#8221; button_text_color_last_edited=&#8221;on|desktop&#8221; sticky_enabled=&#8221;0&#8243;]<\/p>\n<p>En attendant la sortie officielle sur les plateformes Deezer, I Tune, Spotify etc&#8230; Nous vous donnons la possibilit\u00e9 de t\u00e9l\u00e9charger les chansons de l&#8217;album &#8220;Mes Emois et Moi&#8221;.<\/p>\n<p>En cliquant sur le bouton ci-dessous, vous serez redirig\u00e9 vers notre serveur o\u00f9 vous pourrez choisir de t\u00e9l\u00e9charger la totalit\u00e9 ou seulement quelques titres au format de votre choix (Wave \/ MP3). On vous demandera le mot de passe que nous vous avons communiqu\u00e9 et puis voil\u00e0 vous pourrez \u00e9couter les chansons sur votre smartphone ou autre balladeur\u00a0<\/p>\n<p>[\/et_pb_cta][\/et_pb_column][\/et_pb_row][\/et_pb_section]<\/p>\n","protected":false},"excerpt":{"rendered":"<p>[et_pb_section fb_built=&#8221;1&#8243; _builder_version=&#8221;4.6.5&#8243; _module_preset=&#8221;default&#8221;][et_pb_row _builder_version=&#8221;4.6.5&#8243; _module_preset=&#8221;default&#8221;][et_pb_column type=&#8221;4_4&#8243; _builder_version=&#8221;4.6.5&#8243; _module_preset=&#8221;default&#8221;][et_pb_image src=&#8221;https:\/\/www.bouskidou.com\/wp-content\/uploads\/2020\/12\/Bouskidou-fleches-lgiht.gif&#8221; alt=&#8221;Bouskidou&#8221; title_text=&#8221;Bouskidou-fleches-lgiht&#8221; align=&#8221;center&#8221; _builder_version=&#8221;4.6.5&#8243; _module_preset=&#8221;default&#8221; background_color=&#8221;#f9f9f9&#8243;][\/et_pb_image][et_pb_text _builder_version=&#8221;4.6.5&#8243; _module_preset=&#8221;default&#8221; text_font=&#8221;Baloo Chettan|700|||||||&#8221; text_text_color=&#8221;#86000f&#8221; text_font_size=&#8221;42px&#8221; text_letter_spacing=&#8221;4px&#8221; header_font=&#8221;Baloo Paaji||||||||&#8221; header_text_color=&#8221;#86000f&#8221; header_font_size=&#8221;75px&#8221; text_orientation=&#8221;center&#8221; filter_opacity=&#8221;92%&#8221; animation_style=&#8221;fade&#8221; animation_duration=&#8221;2000ms&#8221; animation_starting_opacity=&#8221;78%&#8221; header_font_tablet=&#8221;&#8221; header_font_phone=&#8221;&#8221; header_font_last_edited=&#8221;on|desktop&#8221; header_font_size_tablet=&#8221;59px&#8221; header_font_size_phone=&#8221;38px&#8221; header_font_size_last_edited=&#8221;on|phone&#8221;] Mes Emois et Moi Le dernier Livre-CD des Bouskidou [\/et_pb_text][et_pb_image src=&#8221;https:\/\/www.bouskidou.com\/wp-content\/uploads\/2020\/09\/BouskCOUV_test6cadre.jpeg&#8221; alt=&#8221;Bouskidou Mes \u00e9mois et moi&#8221; title_text=&#8221;Cover [&hellip;]<\/p>\n","protected":false},"author":1,"featured_media":0,"parent":0,"menu_order":0,"comment_status":"closed","ping_status":"closed","template":"","meta":{"_et_pb_use_builder":"on","_et_pb_old_content":"","_et_gb_content_width":"","footnotes":""},"_links":{"self":[{"href":"https:\/\/www.bouskidou.com\/index.php\/wp-json\/wp\/v2\/pages\/1728"}],"collection":[{"href":"https:\/\/www.bouskidou.com\/index.php\/wp-json\/wp\/v2\/pages"}],"about":[{"href":"https:\/\/www.bouskidou.com\/index.php\/wp-json\/wp\/v2\/types\/page"}],"author":[{"embeddable":true,"href":"https:\/\/www.bouskidou.com\/index.php\/wp-json\/wp\/v2\/users\/1"}],"replies":[{"embeddable":true,"href":"https:\/\/www.bouskidou.com\/index.php\/wp-json\/wp\/v2\/comments?post=1728"}],"version-history":[{"count":5,"href":"https:\/\/www.bouskidou.com\/index.php\/wp-json\/wp\/v2\/pages\/1728\/revisions"}],"predecessor-version":[{"id":1736,"href":"https:\/\/www.bouskidou.com\/index.php\/wp-json\/wp\/v2\/pages\/1728\/revisions\/1736"}],"wp:attachment":[{"href":"https:\/\/www.bouskidou.com\/index.php\/wp-json\/wp\/v2\/media?parent=1728"}],"curies":[{"name":"wp","href":"https:\/\/api.w.org\/{rel}","templated":true}]}}

Mes émois et moi

<p>[et_pb_section fb_built=&#8221;1&#8243; _builder_version=&#8221;4.6.5&#8243; _module_preset=&#8221;default&#8221;][et_pb_row _builder_version=&#8221;4.6.5&#8243; _module_preset=&#8221;default&#8221;][et_pb_column type=&#8221;4_4&#8243; _builder_version=&#8221;4.6.5&#8243; _module_preset=&#8221;default&#8221;][et_pb_image src=&#8221;https://www.bouskidou.com/wp-content/uploads/2020/12/Bouskidou-fleches-lgiht.gif&#8221; alt=&#8221;Bouskidou&#8221; title_text=&#8221;Bouskidou-fleches-lgiht&#8221; align=&#8221;center&#8221; _builder_version=&#8221;4.6.5&#8243; _module_preset=&#8221;default&#8221; background_color=&#8221;#f9f9f9&#8243;][/et_pb_image][et_pb_text _builder_version=&#8221;4.6.5&#8243; _module_preset=&#8221;default&#8221; text_font=&#8221;Baloo Chettan|700|||||||&#8221; text_text_color=&#8221;#86000f&#8221; text_font_size=&#8221;42px&#8221; text_letter_spacing=&#8221;4px&#8221; header_font=&#8221;Baloo Paaji||||||||&#8221; header_text_color=&#8221;#86000f&#8221; header_font_size=&#8221;75px&#8221; text_orientation=&#8221;center&#8221; filter_opacity=&#8221;92%&#8221; animation_style=&#8221;fade&#8221; animation_duration=&#8221;2000ms&#8221; animation_starting_opacity=&#8221;78%&#8221; header_font_tablet=&#8221;&#8221; header_font_phone=&#8221;&#8221; header_font_last_edited=&#8221;on|desktop&#8221; header_font_size_tablet=&#8221;59px&#8221; header_font_size_phone=&#8221;38px&#8221; header_font_size_last_edited=&#8221;on|phone&#8221;]</p>
<h1 style="text-align: center;"><strong>Mes Emois et Moi</strong></h1>
<p><strong>Le dernier Livre-CD des Bouskidou</strong></p>
<p>[/et_pb_text][et_pb_image src=&#8221;https://www.bouskidou.com/wp-content/uploads/2020/09/BouskCOUV_test6cadre.jpeg&#8221; alt=&#8221;Bouskidou Mes émois et moi&#8221; title_text=&#8221;Cover CD Mes émois et moi&#8221; align=&#8221;center&#8221; _builder_version=&#8221;4.6.5&#8243; _module_preset=&#8221;default&#8221; custom_margin=&#8221;0px||||false|false&#8221; custom_padding=&#8221;20px||20px||false|false&#8221;][/et_pb_image][et_pb_cta title=&#8221;Télécharger les 11 chansons de l&#8217;album !&#8221; button_url=&#8221;http://gofile.me/2k4ZB/ratbqR985&#8243; button_text=&#8221;Téléchargement&#8221; _builder_version=&#8221;4.6.5&#8243; _module_preset=&#8221;default&#8221; header_font=&#8221;|700|||||||&#8221; header_text_align=&#8221;center&#8221; header_text_color=&#8221;#3a2325&#8243; header_font_size=&#8221;30px&#8221; body_text_align=&#8221;center&#8221; body_text_color=&#8221;#3a2325&#8243; body_font_size=&#8221;16px&#8221; background_color=&#8221;#dcdcdc&#8221; custom_button=&#8221;on&#8221; button_text_size=&#8221;16px&#8221; button_text_color=&#8221;#d6d6d6&#8243; button_bg_color=&#8221;#86000f&#8221; button_border_width=&#8221;0px&#8221; button_border_radius=&#8221;30px&#8221; button_icon=&#8221;%%377%%&#8221; link_option_url=&#8221;http://gofile.me/2k4ZB/ratbqR985&#8243; hover_enabled=&#8221;0&#8243; header_font_size_tablet=&#8221;23px&#8221; header_font_size_phone=&#8221;&#8221; header_font_size_last_edited=&#8221;on|phone&#8221; body_font_size_tablet=&#8221;14px&#8221; body_font_size_phone=&#8221;14px&#8221; body_font_size_last_edited=&#8221;on|tablet&#8221; button_text_color_tablet=&#8221;&#8221; button_text_color_phone=&#8221;&#8221; button_text_color_last_edited=&#8221;on|desktop&#8221; sticky_enabled=&#8221;0&#8243;]</p>
<p>En attendant la sortie officielle sur les plateformes Deezer, I Tune, Spotify etc&#8230; Nous vous donnons la possibilité de télécharger les chansons de l&#8217;album &#8220;Mes Emois et Moi&#8221;.</p>
<p>En cliquant sur le bouton ci-dessous, vous serez redirigé vers notre serveur où vous pourrez choisir de télécharger la totalité ou seulement quelques titres au format de votre choix (Wave / MP3). On vous demandera le mot de passe que nous vous avons communiqué et puis voilà vous pourrez écouter les chansons sur votre smartphone ou autre balladeur </p>
<p>[/et_pb_cta][/et_pb_column][/et_pb_row][/et_pb_section]</p>

<p>[et_pb_section fb_built=&#8221;1&#8243; _builder_version=&#8221;4.6.5&#8243; _module_preset=&#8221;default&#8221;][et_pb_row _builder_version=&#8221;4.6.5&#8243; _module_preset=&#8221;default&#8221;][et_pb_column type=&#8221;4_4&#8243; _builder_version=&#8221;4.6.5&#8243; _module_preset=&#8221;default&#8221;][et_pb_image src=&#8221;https://www.bouskidou.com/wp-content/uploads/2020/12/Bouskidou-fleches-lgiht.gif&#8221; alt=&#8221;Bouskidou&#8221; title_text=&#8221;Bouskidou-fleches-lgiht&#8221; align=&#8221;center&#8221; _builder_version=&#8221;4.6.5&#8243; _module_preset=&#8221;default&#8221; background_color=&#8221;#f9f9f9&#8243;][/et_pb_image][et_pb_text _builder_version=&#8221;4.6.5&#8243; _module_preset=&#8221;default&#8221; text_font=&#8221;Baloo Chettan|700|||||||&#8221; text_text_color=&#8221;#86000f&#8221; text_font_size=&#8221;42px&#8221; text_letter_spacing=&#8221;4px&#8221; header_font=&#8221;Baloo Paaji||||||||&#8221; header_text_color=&#8221;#86000f&#8221; header_font_size=&#8221;75px&#8221; text_orientation=&#8221;center&#8221; filter_opacity=&#8221;92%&#8221; animation_style=&#8221;fade&#8221; animation_duration=&#8221;2000ms&#8221; animation_starting_opacity=&#8221;78%&#8221; header_font_tablet=&#8221;&#8221; header_font_phone=&#8221;&#8221; header_font_last_edited=&#8221;on|desktop&#8221; header_font_size_tablet=&#8221;59px&#8221; header_font_size_phone=&#8221;38px&#8221; header_font_size_last_edited=&#8221;on|phone&#8221;] Mes Emois et Moi Le dernier Livre-CD des Bouskidou [/et_pb_text][et_pb_image src=&#8221;https://www.bouskidou.com/wp-content/uploads/2020/09/BouskCOUV_test6cadre.jpeg&#8221; alt=&#8221;Bouskidou Mes émois et moi&#8221; title_text=&#8221;Cover [&hellip;]</p>
