{"id":222,"date":"2020-04-21T19:39:22","date_gmt":"2020-04-21T17:39:22","guid":{"rendered":"https:\/\/www.bouskidou.com\/?page_id=222"},"modified":"2022-01-27T18:02:23","modified_gmt":"2022-01-27T17:02:23","slug":"videos","status":"publish","type":"page","link":"https:\/\/www.bouskidou.com\/index.php\/videos\/","title":{"rendered":"Vid\u00e9os"},"content":{"rendered":"<p>[et_pb_section fb_built=&#8221;1&#8243; _builder_version=&#8221;4.4.1&#8243;][et_pb_row admin_label=&#8221;fond vid\u00e9os&#8221; _builder_version=&#8221;4.4.1&#8243; background_color=&#8221;#ffffff&#8221; background_image=&#8221;https:\/\/www.bouskidou.com\/wp-content\/uploads\/2020\/04\/sc\u00e8ne-rouge.jpg&#8221; width=&#8221;100%&#8221; max_width=&#8221;1958px&#8221; min_height=&#8221;375px&#8221;][et_pb_column type=&#8221;4_4&#8243; _builder_version=&#8221;4.4.1&#8243;][et_pb_text _builder_version=&#8221;4.4.1&#8243; header_text_align=&#8221;center&#8221; header_text_color=&#8221;#ffffff&#8221; header_font_size=&#8221;69px&#8221; header_line_height=&#8221;1.5em&#8221; custom_margin=&#8221;224px||||false|false&#8221; header_font_size_tablet=&#8221;&#8221; header_font_size_phone=&#8221;38px&#8221; header_font_size_last_edited=&#8221;on|phone&#8221; header_text_shadow_style=&#8221;preset4&#8243; header_text_shadow_horizontal_length=&#8221;0.07em&#8221; header_text_shadow_vertical_length=&#8221;-0.01em&#8221; header_text_shadow_blur_strength=&#8221;0.26em&#8221;]<\/p>\n<h1 style=\"text-align: center;\"><strong>Les vid\u00e9os des Bouskidou<\/strong><\/h1>\n<p>[\/et_pb_text][\/et_pb_column][\/et_pb_row][\/et_pb_section][et_pb_section fb_built=&#8221;1&#8243; _builder_version=&#8221;4.4.1&#8243; collapsed=&#8221;off&#8221;][et_pb_row _builder_version=&#8221;4.4.1&#8243;][et_pb_column type=&#8221;4_4&#8243; _builder_version=&#8221;4.4.1&#8243;][et_pb_cta title=&#8221;D\u00e9couvrez toutes les vid\u00e9os de Bouskidou sur notre cha\u00eene Youtube&#8221; button_url=&#8221;https:\/\/www.youtube.com\/channel\/UC5bLXiak9LbZwZz0gUZJEqA&#8221; url_new_window=&#8221;on&#8221; button_text=&#8221;Bouskidou sur Youtube&#8221; admin_label=&#8221;appel action YOUTUBE&#8221; _builder_version=&#8221;4.4.1&#8243; header_level=&#8221;h1&#8243; header_text_color=&#8221;#86000f&#8221; body_text_color=&#8221;#3a2325&#8243; body_font_size=&#8221;16px&#8221; background_color=&#8221;#ffffff&#8221; custom_button=&#8221;on&#8221; button_text_size=&#8221;16px&#8221; button_text_color=&#8221;#86000f&#8221; button_border_radius=&#8221;30px&#8221; button_icon=&#8221;%%307%%&#8221; background_layout=&#8221;light&#8221; custom_margin_tablet=&#8221;-100px||||false|false&#8221; custom_margin_phone=&#8221;-130px||||false|false&#8221; custom_margin_last_edited=&#8221;on|phone&#8221; header_font_size_tablet=&#8221;20px&#8221; header_font_size_phone=&#8221;16px&#8221; header_font_size_last_edited=&#8221;on|tablet&#8221; body_font_size_tablet=&#8221;14px&#8221; body_font_size_phone=&#8221;12px&#8221; body_font_size_last_edited=&#8221;on|phone&#8221; button_text_size_tablet=&#8221;14px&#8221; button_text_size_phone=&#8221;12px&#8221; button_text_size_last_edited=&#8221;on|desktop&#8221; header_text_shadow_style=&#8221;preset3&#8243;]<\/p>\n<p>Vous trouverez des vid\u00e9os de nos spectacles en cours dans l&#8217;onglet &#8220;Concerts&#8221;. Ci-dessous quelques clips de nos chansons&#8230;<\/p>\n<p>[\/et_pb_cta][\/et_pb_column][\/et_pb_row][et_pb_row admin_label=&#8221;NOUVEAU&#8221; _builder_version=&#8221;4.4.1&#8243; custom_margin_tablet=&#8221;-70px||||false|false&#8221; custom_margin_phone=&#8221;&#8221; custom_margin_last_edited=&#8221;on|tablet&#8221;][et_pb_column type=&#8221;4_4&#8243; _builder_version=&#8221;4.4.1&#8243;][et_pb_text _builder_version=&#8221;4.6.5&#8243; text_text_color=&#8221;#d20111&#8243; text_font_size=&#8221;26px&#8221; text_letter_spacing=&#8221;14px&#8221; text_line_height=&#8221;1.8em&#8221; header_text_color=&#8221;#86000f&#8221; header_letter_spacing=&#8221;2px&#8221; header_2_text_color=&#8221;#86000f&#8221; custom_margin=&#8221;81px||||false|false&#8221; custom_margin_tablet=&#8221;60px||||false|false&#8221; custom_margin_phone=&#8221;50px||||false|false&#8221; custom_margin_last_edited=&#8221;on|phone&#8221; hover_enabled=&#8221;0&#8243; text_font_size_tablet=&#8221;20px&#8221; text_font_size_phone=&#8221;16px&#8221; text_font_size_last_edited=&#8221;on|phone&#8221; header_font_size_tablet=&#8221;20px&#8221; header_font_size_phone=&#8221;16px&#8221; header_font_size_last_edited=&#8221;on|phone&#8221; text_text_shadow_style=&#8221;preset3&#8243; text_text_shadow_horizontal_length=&#8221;0.25em&#8221; text_text_shadow_vertical_length=&#8221;-0.13em&#8221; header_text_shadow_style=&#8221;preset3&#8243; header_2_text_shadow_style=&#8221;preset3&#8243; sticky_enabled=&#8221;0&#8243;]<\/p>\n<p><strong>NOUVEAU!<\/strong><\/p>\n<h1 class=\"title style-scope ytd-video-primary-info-renderer\"><yt-formatted-string force-default-style=\"\" class=\"style-scope ytd-video-primary-info-renderer\">&#8220;Mes \u00c9mois et Moi&#8221;<\/yt-formatted-string><\/h1>\n<p>[\/et_pb_text][et_pb_video _builder_version=&#8221;4.6.5&#8243; custom_margin=&#8221;-9px||29px||false|false&#8221; custom_margin_tablet=&#8221;-10px||-74px||false|false&#8221; custom_margin_phone=&#8221;-22px||-80px||false|false&#8221; custom_margin_last_edited=&#8221;on|phone&#8221; custom_padding=&#8221;|||0px|false|false&#8221; src=&#8221;https:\/\/youtu.be\/TvRyWjDBhAc&#8221; hover_enabled=&#8221;0&#8243; sticky_enabled=&#8221;0&#8243;][\/et_pb_video][et_pb_text _builder_version=&#8221;4.6.5&#8243; _module_preset=&#8221;default&#8221; hover_enabled=&#8221;0&#8243; sticky_enabled=&#8221;0&#8243;]<\/p>\n<p style=\"text-align: justify;\"><span>Sortie officielle du clip\u00a0<\/span><strong>\u201cMes \u00c9mois et Moi\u201d<\/strong><span>\u00a0sur la chaine Youtube de Bouskidou !\u00a0Un seul plan-s\u00e9quence o\u00f9 la com\u00e9dienne <strong>Anna Lepley<\/strong>, une habitu\u00e9e de la Ligue d\u2019Impro, nous transmet toutes ses \u00e9motions \u00e0 l\u2019\u00e9coute de la chanson \u201cMes \u00c9mois et Moi\u201d du nouvel album (voir la discographie). Ses \u00e9motions sur son visage sont mises en valeur par les animations d\u2019<strong>Anne Jourdain<\/strong> et les dessins d\u2019<strong>Olli Bioret<\/strong>.<\/span><\/p>\n<p>[\/et_pb_text][\/et_pb_column][\/et_pb_row][et_pb_row admin_label=&#8221;Les teasers&#8221; _builder_version=&#8221;4.4.1&#8243;][et_pb_column type=&#8221;4_4&#8243; _builder_version=&#8221;4.4.1&#8243;][et_pb_text _builder_version=&#8221;4.4.1&#8243; header_text_color=&#8221;#86000f&#8221; header_2_text_color=&#8221;#86000f&#8221; custom_margin=&#8221;51px||||false|false&#8221; custom_margin_tablet=&#8221;-5px||||false|false&#8221; custom_margin_phone=&#8221;-37px||||false|false&#8221; custom_margin_last_edited=&#8221;on|phone&#8221; header_font_size_tablet=&#8221;20px&#8221; header_font_size_phone=&#8221;16px&#8221; header_font_size_last_edited=&#8221;on|phone&#8221; header_2_font_size_tablet=&#8221;20px&#8221; header_2_font_size_phone=&#8221;16px&#8221; header_2_font_size_last_edited=&#8221;on|phone&#8221; header_text_shadow_style=&#8221;preset3&#8243; header_2_text_shadow_style=&#8221;preset3&#8243;]<\/p>\n<h2>Les teasers des anciens spectacles&#8230;<\/h2>\n<p>[\/et_pb_text][\/et_pb_column][\/et_pb_row][et_pb_row column_structure=&#8221;1_2,1_2&#8243; _builder_version=&#8221;4.4.1&#8243; custom_margin=&#8221;22px||||false|false&#8221; custom_margin_tablet=&#8221;-30px||||false|false&#8221; custom_margin_phone=&#8221;-70px||||false|false&#8221; custom_margin_last_edited=&#8221;on|desktop&#8221;][et_pb_column type=&#8221;1_2&#8243; _builder_version=&#8221;4.4.1&#8243;][et_pb_code _builder_version=&#8221;4.4.1&#8243;]<iframe loading=\"lazy\" width=\"560\" height=\"315\" src=\"https:\/\/www.youtube.com\/embed\/pFZk35A8oVU\" frameborder=\"0\" allow=\"accelerometer; autoplay; encrypted-media; gyroscope; picture-in-picture\" allowfullscreen><\/iframe>[\/et_pb_code][\/et_pb_column][et_pb_column type=&#8221;1_2&#8243; _builder_version=&#8221;4.4.1&#8243;][et_pb_code _builder_version=&#8221;4.4.1&#8243;]<iframe loading=\"lazy\" width=\"560\" height=\"315\" src=\"https:\/\/www.youtube.com\/embed\/mClfPQMPJPc\" frameborder=\"0\" allow=\"accelerometer; autoplay; encrypted-media; gyroscope; picture-in-picture\" allowfullscreen><\/iframe>[\/et_pb_code][\/et_pb_column][\/et_pb_row][et_pb_row column_structure=&#8221;1_2,1_2&#8243; _builder_version=&#8221;4.4.1&#8243; custom_margin=&#8221;47px||||false|false&#8221; custom_margin_tablet=&#8221;-29px||||false|false&#8221; custom_margin_phone=&#8221;-33px||||false|false&#8221; custom_margin_last_edited=&#8221;on|phone&#8221;][et_pb_column type=&#8221;1_2&#8243; _builder_version=&#8221;4.4.1&#8243;][et_pb_video src=&#8221;https:\/\/youtu.be\/nqQcBVuxEF4&#8243; _builder_version=&#8221;4.4.1&#8243;][\/et_pb_video][\/et_pb_column][et_pb_column type=&#8221;1_2&#8243; _builder_version=&#8221;4.4.1&#8243;][et_pb_video src=&#8221;https:\/\/youtu.be\/0SXzPDckEdM&#8221; _builder_version=&#8221;4.4.1&#8243;][\/et_pb_video][\/et_pb_column][\/et_pb_row][et_pb_row admin_label=&#8221;Les clips anim\u00e9s&#8221; _builder_version=&#8221;4.4.1&#8243;][et_pb_column type=&#8221;4_4&#8243; _builder_version=&#8221;4.4.1&#8243;][et_pb_text _builder_version=&#8221;4.4.1&#8243; header_text_color=&#8221;#86000f&#8221; header_2_text_color=&#8221;#86000f&#8221; custom_margin=&#8221;81px||||false|false&#8221; custom_margin_tablet=&#8221;33px||||false|false&#8221; custom_margin_phone=&#8221;1px||||false|false&#8221; custom_margin_last_edited=&#8221;on|phone&#8221; header_2_font_size_tablet=&#8221;20px&#8221; header_2_font_size_phone=&#8221;16px&#8221; header_2_font_size_last_edited=&#8221;on|phone&#8221; header_text_shadow_style=&#8221;preset3&#8243; header_2_text_shadow_style=&#8221;preset3&#8243;]<\/p>\n<h2>Les clips anim\u00e9s&#8230;<\/h2>\n<p>[\/et_pb_text][\/et_pb_column][\/et_pb_row][et_pb_row column_structure=&#8221;1_2,1_2&#8243; _builder_version=&#8221;4.4.1&#8243; custom_margin=&#8221;21px||||false|false&#8221; custom_margin_tablet=&#8221;-40px||||false|false&#8221; custom_margin_phone=&#8221;-52px||||false|false&#8221; custom_margin_last_edited=&#8221;on|phone&#8221;][et_pb_column type=&#8221;1_2&#8243; _builder_version=&#8221;4.4.1&#8243;][et_pb_video src=&#8221;https:\/\/youtu.be\/jR1VJWr6AVA&#8221; _builder_version=&#8221;4.4.1&#8243;][\/et_pb_video][et_pb_text admin_label=&#8221;texte Vie des animaux&#8221; _builder_version=&#8221;4.4.1&#8243; custom_margin=&#8221;-15px||||false|false&#8221; custom_margin_tablet=&#8221;-16px||||false|false&#8221; custom_margin_phone=&#8221;-24px||||false|false&#8221; custom_margin_last_edited=&#8221;on|phone&#8221; text_font_size_tablet=&#8221;13px&#8221; text_font_size_phone=&#8221;12px&#8221; text_font_size_last_edited=&#8221;on|phone&#8221;]<\/p>\n<p>&#8220;La vie des animaux&#8221; r\u00e9alis\u00e9 en stop motion par\u00a0<span>Sandra Lub\u00e8s-Martin et ses \u00e9l\u00e8ves des classes CM1 CM2 : &#8220;Cela nous a occup\u00e9 plusieurs heures, pour \u00e9crire le storyboard, rassembler le mat\u00e9riel et effectuer les prises de vue.<br \/> Au final, nous avons pris 2355 photos !&#8221; &#8211;\u00a0<\/span><span>Super !<\/span><\/p>\n<p>[\/et_pb_text][\/et_pb_column][et_pb_column type=&#8221;1_2&#8243; _builder_version=&#8221;4.4.1&#8243;][et_pb_video src=&#8221;https:\/\/youtu.be\/pxujk5XdrWM&#8221; _builder_version=&#8221;4.4.1&#8243;][\/et_pb_video][et_pb_text admin_label=&#8221;Texte Roulez jeunesse&#8221; _builder_version=&#8221;4.4.1&#8243; custom_margin=&#8221;-16px||||false|false&#8221; custom_margin_tablet=&#8221;-17px||||false|false&#8221; custom_margin_phone=&#8221;-19px||||false|false&#8221; custom_margin_last_edited=&#8221;on|phone&#8221; text_font_size_tablet=&#8221;13px&#8221; text_font_size_phone=&#8221;12px&#8221; text_font_size_last_edited=&#8221;on|phone&#8221;]<\/p>\n<p>&#8220;Roulez jeunesse&#8221; dessin\u00e9 et r\u00e9alis\u00e9 par Hugo Patrigeon. Co-production Les Skids et La Baleine M\u00e9canique avec la participation du CNC.<\/p>\n<p>[\/et_pb_text][\/et_pb_column][\/et_pb_row][et_pb_row admin_label=&#8221;Les clips EDH&#8221; _builder_version=&#8221;4.4.1&#8243; custom_margin_tablet=&#8221;-60px||||false|false&#8221; custom_margin_phone=&#8221;-90px||||false|false&#8221; custom_margin_last_edited=&#8221;on|phone&#8221;][et_pb_column type=&#8221;4_4&#8243; _builder_version=&#8221;4.4.1&#8243;][et_pb_text _builder_version=&#8221;4.4.1&#8243; header_text_color=&#8221;#86000f&#8221; header_2_text_color=&#8221;#86000f&#8221; header_2_line_height=&#8221;1.2em&#8221; custom_margin=&#8221;81px||||false|false&#8221; header_2_font_size_tablet=&#8221;20px&#8221; header_2_font_size_phone=&#8221;16px&#8221; header_2_font_size_last_edited=&#8221;on|phone&#8221; header_text_shadow_style=&#8221;preset3&#8243; header_2_text_shadow_style=&#8221;preset3&#8243;]<\/p>\n<h2>Sp\u00e9cial &#8220;Enfance des h\u00e9ros&#8221; les mini-clips d&#8217;annonce !<\/h2>\n<p>[\/et_pb_text][\/et_pb_column][\/et_pb_row][et_pb_row column_structure=&#8221;1_2,1_2&#8243; _builder_version=&#8221;4.4.1&#8243; custom_margin=&#8221;21px||||false|false&#8221; custom_margin_tablet=&#8221;-48px||||false|false&#8221; custom_margin_phone=&#8221;-55px||||false|false&#8221; custom_margin_last_edited=&#8221;on|phone&#8221;][et_pb_column type=&#8221;1_2&#8243; _builder_version=&#8221;4.4.1&#8243;][et_pb_video src=&#8221;https:\/\/youtu.be\/LJ8yFCU1x7k&#8221; _builder_version=&#8221;4.4.1&#8243;][\/et_pb_video][\/et_pb_column][et_pb_column type=&#8221;1_2&#8243; _builder_version=&#8221;4.4.1&#8243;][et_pb_video src=&#8221;https:\/\/youtu.be\/a0RwxNPJ6LQ&#8221; _builder_version=&#8221;4.4.1&#8243;][\/et_pb_video][\/et_pb_column][\/et_pb_row][et_pb_row column_structure=&#8221;1_2,1_2&#8243; _builder_version=&#8221;4.4.1&#8243; custom_margin=&#8221;21px||||false|false&#8221; custom_margin_tablet=&#8221;-28px||||false|false&#8221; custom_margin_phone=&#8221;-33px||||false|false&#8221; custom_margin_last_edited=&#8221;on|phone&#8221;][et_pb_column type=&#8221;1_2&#8243; _builder_version=&#8221;4.4.1&#8243;][et_pb_video src=&#8221;https:\/\/youtu.be\/cChJCE3Ev_Q&#8221; _builder_version=&#8221;4.4.1&#8243;][\/et_pb_video][\/et_pb_column][et_pb_column type=&#8221;1_2&#8243; _builder_version=&#8221;4.4.1&#8243;][et_pb_video src=&#8221;https:\/\/youtu.be\/1Nm0yRlOU_Q&#8221; _builder_version=&#8221;4.4.1&#8243;][\/et_pb_video][\/et_pb_column][\/et_pb_row][et_pb_row column_structure=&#8221;1_2,1_2&#8243; _builder_version=&#8221;4.4.1&#8243; custom_margin=&#8221;21px||||false|false&#8221; custom_margin_tablet=&#8221;-28px||||false|false&#8221; custom_margin_phone=&#8221;-33px||||false|false&#8221; custom_margin_last_edited=&#8221;on|phone&#8221;][et_pb_column type=&#8221;1_2&#8243; _builder_version=&#8221;4.4.1&#8243;][et_pb_video src=&#8221;https:\/\/youtu.be\/2fZ5dY7B2UA&#8221; _builder_version=&#8221;4.4.1&#8243;][\/et_pb_video][\/et_pb_column][et_pb_column type=&#8221;1_2&#8243; _builder_version=&#8221;4.4.1&#8243;][et_pb_video src=&#8221;https:\/\/youtu.be\/96RR2HFmkvo&#8221; _builder_version=&#8221;4.4.1&#8243;][\/et_pb_video][\/et_pb_column][\/et_pb_row][et_pb_row admin_label=&#8221;Bonus &#8221; _builder_version=&#8221;4.4.1&#8243; custom_margin_tablet=&#8221;-70px||||false|false&#8221; custom_margin_phone=&#8221;&#8221; custom_margin_last_edited=&#8221;on|tablet&#8221;][et_pb_column type=&#8221;4_4&#8243; _builder_version=&#8221;4.4.1&#8243;][et_pb_text _builder_version=&#8221;4.4.1&#8243; text_text_color=&#8221;#d20111&#8243; text_font_size=&#8221;26px&#8221; text_letter_spacing=&#8221;14px&#8221; text_line_height=&#8221;1.8em&#8221; header_text_color=&#8221;#86000f&#8221; header_letter_spacing=&#8221;2px&#8221; header_2_text_color=&#8221;#86000f&#8221; custom_margin=&#8221;81px||||false|false&#8221; custom_margin_tablet=&#8221;60px||||false|false&#8221; custom_margin_phone=&#8221;50px||||false|false&#8221; custom_margin_last_edited=&#8221;on|phone&#8221; text_font_size_tablet=&#8221;20px&#8221; text_font_size_phone=&#8221;16px&#8221; text_font_size_last_edited=&#8221;on|phone&#8221; header_font_size_tablet=&#8221;20px&#8221; header_font_size_phone=&#8221;16px&#8221; header_font_size_last_edited=&#8221;on|phone&#8221; text_text_shadow_style=&#8221;preset3&#8243; text_text_shadow_horizontal_length=&#8221;0.25em&#8221; text_text_shadow_vertical_length=&#8221;-0.13em&#8221; header_text_shadow_style=&#8221;preset3&#8243; header_2_text_shadow_style=&#8221;preset3&#8243;]<\/p>\n<p><strong>BONUS!<\/strong><\/p>\n<h1 class=\"title style-scope ytd-video-primary-info-renderer\"><yt-formatted-string force-default-style=\"\" class=\"style-scope ytd-video-primary-info-renderer\">&#8220;The Ultimate Collector&#8217;s Edition&#8221;<\/yt-formatted-string><\/h1>\n<p>[\/et_pb_text][et_pb_video src=&#8221;https:\/\/youtu.be\/taMKeaUWJU4&#8243; _builder_version=&#8221;4.4.1&#8243; custom_margin=&#8221;-9px||29px||false|false&#8221; custom_margin_tablet=&#8221;-10px||-74px||false|false&#8221; custom_margin_phone=&#8221;-22px||-80px||false|false&#8221; custom_margin_last_edited=&#8221;on|phone&#8221; custom_padding=&#8221;|||0px|false|false&#8221;][\/et_pb_video][\/et_pb_column][\/et_pb_row][\/et_pb_section]<\/p>\n","protected":false},"excerpt":{"rendered":"<p>[et_pb_section fb_built=&#8221;1&#8243; _builder_version=&#8221;4.4.1&#8243;][et_pb_row admin_label=&#8221;fond vid\u00e9os&#8221; _builder_version=&#8221;4.4.1&#8243; background_color=&#8221;#ffffff&#8221; background_image=&#8221;https:\/\/www.bouskidou.com\/wp-content\/uploads\/2020\/04\/sc\u00e8ne-rouge.jpg&#8221; width=&#8221;100%&#8221; max_width=&#8221;1958px&#8221; min_height=&#8221;375px&#8221;][et_pb_column type=&#8221;4_4&#8243; _builder_version=&#8221;4.4.1&#8243;][et_pb_text _builder_version=&#8221;4.4.1&#8243; header_text_align=&#8221;center&#8221; header_text_color=&#8221;#ffffff&#8221; header_font_size=&#8221;69px&#8221; header_line_height=&#8221;1.5em&#8221; custom_margin=&#8221;224px||||false|false&#8221; header_font_size_tablet=&#8221;&#8221; header_font_size_phone=&#8221;38px&#8221; header_font_size_last_edited=&#8221;on|phone&#8221; header_text_shadow_style=&#8221;preset4&#8243; header_text_shadow_horizontal_length=&#8221;0.07em&#8221; header_text_shadow_vertical_length=&#8221;-0.01em&#8221; header_text_shadow_blur_strength=&#8221;0.26em&#8221;] Les vid\u00e9os des Bouskidou [\/et_pb_text][\/et_pb_column][\/et_pb_row][\/et_pb_section][et_pb_section fb_built=&#8221;1&#8243; _builder_version=&#8221;4.4.1&#8243; collapsed=&#8221;off&#8221;][et_pb_row _builder_version=&#8221;4.4.1&#8243;][et_pb_column type=&#8221;4_4&#8243; _builder_version=&#8221;4.4.1&#8243;][et_pb_cta title=&#8221;D\u00e9couvrez toutes les vid\u00e9os de Bouskidou sur notre cha\u00eene Youtube&#8221; button_url=&#8221;https:\/\/www.youtube.com\/channel\/UC5bLXiak9LbZwZz0gUZJEqA&#8221; url_new_window=&#8221;on&#8221; button_text=&#8221;Bouskidou sur Youtube&#8221; admin_label=&#8221;appel action YOUTUBE&#8221; [&hellip;]<\/p>\n","protected":false},"author":1,"featured_media":0,"parent":0,"menu_order":0,"comment_status":"closed","ping_status":"closed","template":"","meta":{"_et_pb_use_builder":"on","_et_pb_old_content":"","_et_gb_content_width":"","footnotes":""},"_links":{"self":[{"href":"https:\/\/www.bouskidou.com\/index.php\/wp-json\/wp\/v2\/pages\/222"}],"collection":[{"href":"https:\/\/www.bouskidou.com\/index.php\/wp-json\/wp\/v2\/pages"}],"about":[{"href":"https:\/\/www.bouskidou.com\/index.php\/wp-json\/wp\/v2\/types\/page"}],"author":[{"embeddable":true,"href":"https:\/\/www.bouskidou.com\/index.php\/wp-json\/wp\/v2\/users\/1"}],"replies":[{"embeddable":true,"href":"https:\/\/www.bouskidou.com\/index.php\/wp-json\/wp\/v2\/comments?post=222"}],"version-history":[{"count":19,"href":"https:\/\/www.bouskidou.com\/index.php\/wp-json\/wp\/v2\/pages\/222\/revisions"}],"predecessor-version":[{"id":2034,"href":"https:\/\/www.bouskidou.com\/index.php\/wp-json\/wp\/v2\/pages\/222\/revisions\/2034"}],"wp:attachment":[{"href":"https:\/\/www.bouskidou.com\/index.php\/wp-json\/wp\/v2\/media?parent=222"}],"curies":[{"name":"wp","href":"https:\/\/api.w.org\/{rel}","templated":true}]}}